d derivative of t**6/120 + t**4/24 + t**2. Let l be z(3). Let b be 2*(5 - 3/15 - 1/(-5)). What is the highest common divisor of b and l?
10
Let h(o) = o**3 + 7*o**2 + 1. Let g be h(3). Suppose 11 = -5*s + g. What is the highest common factor of s and 64?
16
Let j(t) = 12*t**2 + 17*t - 30. Let p be j(2). Calculate the highest common factor of p and 1664.
52
Suppose -i - i = -5*c + 7, -2*i + c = -5. Suppose -i*o + 397 = -4*t - 611, 764 = 3*o + 5*t. What is the highest common divisor of o and 23?
23
Let y = -238 + 262. What is the highest common factor of y and 1032?
24
Let j be ((-2)/3)/(-2 + (-298)/(-150)). Let v = j - 32. What is the greatest common factor of 72 and v?
18
Let d be (-2)/(250/65 - 4). Let o(p) = -p**3 + 15*p**2 - 11*p - 6. Let z be o(d). What is the greatest common divisor of 21 and z?
21
Let a be -1 + 1 + -1 + 6/2. Suppose a*q + 10 = 106. What is the highest common divisor of 12 and q?
12
Let n(d) = -7*d + 43. Let m be n(5). What is the greatest common factor of m and 128?
8
Suppose -d - 2*d = 18. Let b be ((-14)/d)/(3/36). Calculate the highest common factor of b and 224.
28
Let d(n) = 2*n**2 - 63*n + 281. Let y be d(5). What is the highest common factor of y and 144?
16
Let h = -661 + 673. What is the highest common divisor of 300 and h?
12
Let z be (-16)/(-5) + (-4)/20. Suppose z*y + 109 = 2*m, -4*m = 4*y - 181 - 7. What is the greatest common factor of m and 75?
25
Let d = 21 - -14. Suppose 0 = 5*k - 10*k + d. What is the highest common factor of 7 and k?
7
Let z(n) = -n - 2. Let d be z(-3). Let k be (0 - d - 0)*-10. Let c(f) = f**3 - 6*f**2 - 23*f - 16. Let r be c(9). What is the highest common divisor of k and r?
10
Let k(i) = -i**3 + 10*i**2 + i - 10. Let h be k(10). Suppose h = -12*w + 14*w - 130. Calculate the greatest common factor of 13 and w.
13
Let a = -1615 + 1647. Calculate the highest common divisor of 136 and a.
8
Suppose 0 = 6*i - 8*i + 114. Calculate the highest common divisor of 171 and i.
57
Suppose -10*w + 8*w = 0. Suppose 5*s - 10 = -w. Suppose 4*q - 30 = -s*h + 4, 0 = 3*q - 2*h - 36. What is the greatest common factor of 25 and q?
5
Let k = 2 + 2. Suppose 0 = -5*b + b - 12, -k*s - 5*b + 805 = 0. Let u be s/15 + 2/(-3). Calculate the greatest common factor of u and 65.
13
Let i be (-5)/(-2)*(7 + (-1974)/(-30)). Calculate the highest common divisor of 56 and i.
14
Let y be (-2 + 0)*(1 - 2). Suppose -3*k + 19 = -7*h + 3*h, 4*k = 3*h + 16. What is the greatest common factor of k and y?
1
Let h = 9 - -10. Suppose 4*w = n - h, 2*n + 22 - 5 = -3*w. Let l = n + 7. What is the greatest common divisor of 6 and l?
6
Suppose 2*q + 2*n + 0*n - 4 = 0, 3*q = 2*n + 6. Suppose 2*i - 6*l = -3*l + 26, q*i - 26 = -2*l. Calculate the highest common factor of i and 91.
13
Suppose -2*r + 12 = r. Suppose 0*h - 2*h = -r*x, -5*x + 5 = 0. What is the highest common factor of 10 and h?
2
Suppose -4*g = 4*j + 3 - 347, 5*j - 414 = 3*g. Suppose 38*w - j = 35*w. What is the highest common divisor of w and 7?
7
Suppose 43*v = 49*v - 810. Calculate the highest common divisor of v and 180.
45
Suppose 5*u + 4*a - 21 = 0, 0 = u + 3*a - 9 - 4. Let g be (-1 - 13)*(-6)/(u + 11). Calculate the greatest common factor of 91 and g.
7
Suppose 4*n - 3*b - 437 = 0, 3*n - 560 = -2*n + b. Let p = n - 47. What is the greatest common divisor of 6 and p?
6
Let q(g) = g**3 - 5*g**2 + 14. Let d be q(6). Calculate the highest common divisor of 475 and d.
25
Let h(c) = -3*c + 4. Let k be h(-4). Let q = 54 - 131. Let d = -61 - q. What is the greatest common factor of k and d?
16
Suppose 0 = -3*p + 5 + 67. Let v(i) = 7*i**2 - 3*i - 4. Let j be v(4). Calculate the highest common divisor of j and p.
24
Let j(v) = 8*v - 7. Let y be 4/(-14) - (-115)/35. Let z be j(y). Let g = 49 + z. Calculate the highest common factor of g and 6.
6
Suppose -5*q - 9*p + 341 = -6*p, -3*q + 197 = -2*p. Suppose 5*l - 13 = q. Calculate the highest common divisor of 24 and l.
8
Let a be -12*65/10*(-16)/3. What is the highest common divisor of a and 52?
52
Let t be 404/4 - (0 - -2). Suppose 32*s - 31*s = 9. What is the highest common divisor of t and s?
9
Let q be (-248)/20*450/(-36). Calculate the greatest common factor of q and 20.
5
Let o = 33 + -27. Let y = 16 - o. Let k = 17 + -13. Calculate the highest common divisor of k and y.
2
Let c(l) = l**3 + 4*l**2 + 2*l + 1. Let i be c(-3). Suppose -i = -x - 8. Let n be ((-164)/x - 2) + -1. What is the greatest common factor of 95 and n?
19
Suppose -4*x - 10 = -6*x. Let z(m) be the second derivative of m**5/4 - m**3/3 - m**2/2 + 4*m. Let o be z(2). What is the greatest common factor of x and o?
5
Suppose 324 = 2*z + 2*z. Let f(i) = -i**3 + 3*i**2 - 2*i - 7. Let g be f(3). Let a = 22 + g. Calculate the highest common divisor of z and a.
9
Let a = -330 + 922. Suppose -a + 136 = -3*g. Let i(j) = -8*j**2 - 37*j - 4. Let n be i(-2). What is the highest common divisor of n and g?
38
Let i = -56 + 85. Let g = 14 + -5. Let n = i - g. What is the greatest common factor of 160 and n?
20
Let o = -657 - -1247. What is the greatest common divisor of 10 and o?
10
Suppose 0*k + 324 = 3*k. Let v = -196 - -208. Calculate the greatest common factor of k and v.
12
Suppose 4*s + 58 - 478 = 0. Suppose 2*u - 3*u - 5*q + 21 = 0, 0 = 2*q. What is the highest common divisor of u and s?
21
Suppose -5*l - 25 = -2*t, 0 = 3*l - 4 - 5. Let y = t + -14. Let d be ((-8)/(-14))/(22/231). Calculate the highest common divisor of d and y.
6
Let q(u) = 10*u**2 - 4*u - 32. Let k be q(-6). Calculate the highest common divisor of k and 22.
22
Suppose 30 = 4*g + 102. Let c = g + 44. Suppose 0*d = 2*d - c. Calculate the greatest common divisor of 39 and d.
13
Let t(v) = 5*v - 20. Let s be t(6). Suppose -12*w + s = -7*w. What is the greatest common divisor of w and 18?
2
Suppose 4*b - 2650 = -4*d - 130, -d - 2*b + 633 = 0. What is the highest common divisor of d and 132?
33
Let r(d) = -d**3 - 2*d**2 + 10*d + 140. Let m be r(0). Suppose 4*a = 4*k + 216, 0*a - 2*a + 3*k = -106. Calculate the highest common factor of m and a.
28
Suppose 58 + 54 = 14*j. Calculate the greatest common factor of 216 and j.
8
Let f be (-114)/266 - -2*(-7454)/(-28). What is the greatest common divisor of 228 and f?
76
Suppose 0 = -8*y + 31 + 113. What is the greatest common divisor of 558 and y?
18
Let i be (-170)/(-2)*(1 + 0). Let w = -57 + i. Let u(z) = 4*z**2 - 8*z + 10. Let l be u(4). What is the greatest common divisor of w and l?
14
Let m = 13 + -13. Suppose 5*w - 51 - 19 = m. Let i be (-1)/1*-2 - 0. Calculate the highest common divisor of w and i.
2
Let m = 41 - -1. Let a(t) = t**2 + 5*t - 10. Let z be a(-8). Calculate the greatest common factor of m and z.
14
Let d(w) be the first derivative of -w**3/3 + 5*w**2/2 - w + 2. Let f be d(4). Suppose -h = f*h - 8. What is the highest common divisor of h and 8?
2
Suppose -4*l - 4*t = -0*l - 24, 12 = -l + 5*t. Suppose -3*d = -12, l*x + d - 8 = 26. What is the highest common factor of 90 and x?
10
Let l(i) = -i**2 - 42*i - 397. Let q be l(-25). Let w = -309 + 561. What is the greatest common divisor of q and w?
28
Let c = -820 + 832. Calculate the greatest common factor of c and 330.
6
Let v(j) = 56*j**3 + j**2 + 3*j - 18. Let w be v(2). Calculate the highest common divisor of w and 33.
11
Let w be -24*(36/28 - 2)*7. Calculate the highest common factor of w and 168.
24
Suppose 5*s - 12 = 2*s. Let j(n) = 101*n + 12. Let a be j(4). Suppose s*i = -0*i + a. Calculate the highest common factor of 13 and i.
13
Let z(c) = -c - 91. Let j be z(0). Let b = -65 - j. What is the highest common divisor of 13 and b?
13
Suppose 5*v = 4*r + v - 24, r = -2*v - 6. Suppose -6*m + 48 = -r*m - 4*d, -d = m - 14. What is the highest common divisor of m and 65?
13
Let r(c) = -2*c**2 + 24*c - 25. Let x be r(4). What is the highest common factor of 156 and x?
39
Let a(d) = -d**3 - 15*d**2 + 47*d - 16. Let x be a(-18). Calculate the greatest common factor of x and 20.
10
Let b be 54/(-2 - -6 - 3). Suppose 2*j + w - 36 = 5*w, -j = -w - 18. What is the greatest common factor of j and b?
18
Let u = 422 + -274. What is the highest common factor of 37 and u?
37
Let w be 2/(-7) + (-121)/(-7). Let i = 164 + -87. Let n = 230 - i. What is the highest common divisor of w and n?
17
Let o be 0